) = k**3 - 8*k**2 + 2*k - 3. Give d(6).
-63
Let j(p) = -p + 1. What is j(-7)?
8
Let q(z) = 2*z + 4. Determine q(9).
22
Let c(x) = -x**3 - 12*x**2 + 14*x - 30. What is c(-13)?
-43
Let l(o) = 2*o**2 + 5*o. What is l(-3)?
3
Let s(v) = -5*v**2 - 2*v + 5. Determine s(-5).
-110
Let j(i) = i**3 + 3*i**2 + 8*i + 5. Calculate j(-4).
-43
Let c(z) = -5*z**3 + 3*z + 1. Calculate c(-2).
35
Let t(b) = -5*b - 16. Give t(0).
-16
Let t(f) = f**2 + 3*f - 13. Calculate t(-6).
5
Let h(g) = -g**2 + 13*g - 9. Give h(12).
3
Let l(p) = 2*p**2 - 2*p - 58. Determine l(-5).
2
Let h(c) = -4*c - 92. Calculate h(-31).
32
Let f(m) = 2*m**2 + 6*m + 5. Determine f(-4).
13
Let x(d) = 3*d + 10. What is x(-8)?
-14
Let a(t) = t**3 + t**2 - 6*t + 2. Calculate a(-3).
2
Let x(g) = -2*g - 6. Calculate x(-14).
22
Let l(s) = -s**3 - 8*s**2 - 7*s + 1. Determine l(-7).
1
Let l(y) = 2*y**2 - 3. Give l(3).
15
Let d(x) = -x + 37. Calculate d(13).
24
Let o(j) = -j**3 - 3*j**2 + 5*j - 1. What is o(-5)?
24
Let y(k) = -2*k**2 - 10*k + 14. What is y(-9)?
-58
Let l(r) = 3*r**2 + 76*r + 79. What is l(-24)?
-17
Let s(n) = -n**2 + 11*n - 36. Determine s(4).
-8
Let y(f) = 3*f**3 + f**2 - 4. Give y(-3).
-76
Let b(x) = x**3 + 3*x**2 - 6*x - 8. Calculate b(-4).
0
Let y(k) = -k**3 - 18*k**2 - 2*k - 37. Calculate y(-18).
-1
Let g(s) = -6*s + 56. Determine g(10).
-4
Let z(u) = 2*u**3 - 3*u**2 - 5*u + 7. Give z(3).
19
Let a(s) = s**3 - 4*s**2 - 4*s + 3. What is a(3)?
-18
Let o(v) = v**3 - 6*v**2 - 7*v - 9. Calculate o(7).
-9
Let c(w) = w**2 + 7*w - 21. What is c(-10)?
9
Let h(a) = -a**3 + 11*a**2 - 7*a - 27. What is h(8)?
109
Let i(f) = -f**3 + 8*f**2 - 4*f - 19. What is i(8)?
-51
Let z(k) = k**3 - 13*k**2 - 8*k + 9. Give z(14).
93
Let t(r) = r**3 - 5*r**2 - 8*r + 7. What is t(6)?
-5
Let s(l) = 3*l + 122. What is s(0)?
122
Let l(b) = 2*b**2 - 3. Determine l(-2).
5
Let z(p) = -5*p + 5. Determine z(2).
-5
Let l(r) = -6*r - 1. Calculate l(-1).
5
Let f(u) = u**2 - 15*u + 27. What is f(11)?
-17
Let q(k) = k**2 - 12*k + 61. What is q(17)?
146
Let u(c) = -c**3 + 4*c**2 + 9*c - 13. Calculate u(5).
7
Let n(m) = 8*m**2 + 4*m + 7. Determine n(-2).
31
Let n(g) = -3*g**3 + 14*g**2 - 8*g + 2. Give n(4).
2
Let p(h) = h**3 + 8*h**2 - 14*h - 10. Give p(-5).
135
Let h(p) = -4*p + 31. Calculate h(8).
-1
Let q(g) = -g**3 - 9*g**2 - 12*g - 20. Give q(-8).
12
Let l(x) = -11*x - 44. Determine l(-8).
44
Let q(p) = p**3 - 10*p**2 - 8*p. What is q(11)?
33
Let v(g) = 6*g - 29. Give v(4).
-5
Let t(y) = -8*y - 83. What is t(-11)?
5
Let z(i) = -i**2 - 32*i - 72. What is z(-29)?
15
Let y(p) = 17*p + 48. Give y(-3).
-3
Let c(m) = -2*m**3 - 5*m**2 + 13*m + 4. What is c(-5)?
64
Let m(c) = -15*c - 2. Give m(-2).
28
Let y(h) = -h**3 + 5*h**2 + 2*h + 7. Determine y(6).
-17
Let o(a) = -a**3 + 3*a**2 + 2*a + 1. Determine o(5).
-39
Let j(m) = -2*m + 50. Give j(25).
0
Let s(m) = -55*m - 56. Determine s(-1).
-1
Let n(h) = -6*h + 1. Calculate n(-1).
7
Let j(t) = 2*t + 31. Give j(-20).
-9
Let l(n) = 3*n + 76. Calculate l(-27).
-5
Let w(h) = -h**3 - 5*h**2 - 14*h + 5. Determine w(-4).
45
Let c(d) = 8*d + 12. What is c(-1)?
4
Let t(w) = 6*w - 39. What is t(9)?
15
Let j(f) = f**3 - 21*f**2 + 38*f + 1. Give j(19).
1
Let z(t) = t. Give z(-4).
-4
Let t(v) = v**3 - 9*v**2 + 7*v + 17. Determine t(8).
9
Let m(y) = 2*y**2 + 22*y - 24. What is m(-14)?
60
Let l(b) = -2*b - 1. Give l(-4).
7
Let k(j) = j**2 - 5*j + 8. What is k(6)?
14
Let x(s) = -s**3 - 6*s**2 + 1. Determine x(-5).
-24
Let o(y) = -2*y**3 + 4*y**2 - 6*y + 9. Calculate o(2).
-3
Let u(h) = -h**2 + 9*h. What is u(10)?
-10
Let w(j) = -j**2 + 27*j - 86. Determine w(23).
6
Let d(h) = h**3 - 7*h**2 - 2*h - 1. What is d(7)?
-15
Let o(i) = i**3 - 2*i**2 - 10*i - 5. Give o(5).
20
Let q(o) = -2*o + 15. What is q(-17)?
49
Let v(w) = 5*w - 16. What is v(4)?
4
Let z(y) = 2*y**2 + 8*y + 4. Give z(-4).
4
Let k(o) = -2*o**3 - o**2 + 3*o - 1. Calculate k(1).
-1
Let d(s) = -105*s**2 - s - 2. Calculate d(-1).
-106
Let m(q) = -q**3 + 2*q**2 + 4*q - 2. Calculate m(6).
-122
Let o(x) = -x**2 + 19*x - 85. Give o(6).
-7
Let o(r) = r**2 + 6*r + 16. Determine o(-4).
8
Let o(a) = a. What is o(-3)?
-3
Let g(b) = 3*b + 121. Calculate g(-41).
-2
Let k(s) = 23*s - 14. Determine k(-2).
-60
Let x(t) = t**3 - 19*t**2 + 46*t + 20. Calculate x(16).
-12
Let m(j) = -j - 3. What is m(19)?
-22
Let m(f) = 4*f + 239. Determine m(-60).
-1
Let m(p) = -p**2 + 29*p + 32. Determine m(27).
86
Let o(l) = 9*l - 18. Determine o(3).
9
Let f(i) = i + 49. What is f(0)?
49
Let m(d) = -d**2 - 4*d + 8. Calculate m(-6).
-4
Let w(i) = -7*i**2 + 12*i - 11. Give w(1).
-6
Let v(h) = -h**2 + 13*h + 127. What is v(-7)?
-13
Let r(t) = 4*t - 7. Determine r(7).
21
Let x(c) = 2*c**2 + 90*c + 94. Calculate x(-44).
6
Let g(j) = -j**2 - 21*j - 49. What is g(-19)?
-11
Let n(i) = -3*i**3 - 7*i**2 + 8*i - 3. Determine n(-4).
45
Let k(g) = g**3 + 4*g**2 + 3*g + 4. Determine k(-6).
-86
Let i(l) = l**2 - 17*l + 25. Give i(15).
-5
Let j(b) = 18*b + 342. Give j(-19).
0
Let o(p) = 2*p**3 - 4*p**2 + 2*p - 7. Give o(3).
17
Let z(y) = -3*y + 27. Calculate z(-5).
42
Let d(c) = -c**2 + 20*c + 7. Determine d(20).
7
Let f(q) = -2*q**3 + 105*q**2 + 161*q + 60. Determine f(54).
6
Let k(v) = -2*v**2 + 19*v - 3. Calculate k(9).
6
Let b(y) = -y**3 - 33*y**2 - 182*y + 2. Calculate b(-7).
2
Let u(i) = -6*i**2 - 5*i - 17. Calculate u(-3).
-56
Let g(n) = n**2 + n - 18. Calculate g(6).
24
Let s(l) = l - 25. Give s(-18).
-43
Let c(i) = -7*i - 126. Give c(-17).
-7
Let v(h) = 6*h + 93. Determine v(-14).
9
Let x(j) = -j**2 - 8*j. What is x(-7)?
7
Let a(l) = l - 6. What is a(6)?
0
Let t(m) = -4*m - 17. Calculate t(-3).
-5
Let u(t) = t + 31. Determine u(-16).
15
Let d(i) = -i**2 + 15*i - 58. Determine d(9).
-4
Let a(y) = -y**3 - 9*y**2 + 19*y + 85. Calculate a(-10).
-5
Let x(u) = -u**2 - 3*u + 5. Calculate x(-4).
1
Let f(m) = m**3 - 4*m**2 - m + 3. Determine f(4).
-1
Let p(c) = 48*c + 2. Calculate p(-1).
-46
Let q(o) = o**3 + 4*o**2 - o + 3. Determine q(-4).
7
Let p(d) = -6*d - 48. What is p(-12)?
24
Let u(c) = -22*c - 276. Calculate u(-12).
-12
Let h(r) = r**3 - 7*r**2 + 9*r + 10. Determine h(5).
5
Let o(w) = -83*w + 828. Calculate o(10).
-2
Let t(w) = 9*w - 12. Determine t(-4).
-48
Let m(h) = -48*h + 852. What is m(18)?
-12
Let u(p) = -p**2 + 10*p - 7. Give u(6).
17
Let l(x) = 6*x**2 - 19*x + 34. Determine l(6).
136
Let o(j) = 6*j**2 - 3*j. Determine o(4).
84
Let n(j) = j**3 + 5*j**2 - 23*j - 73. Calculate n(-4).
35
Let y(w) = w**2 - 13*w - 11. Calculate y(12).
-23
Let f(n) = n**3 + 6*n**2 + n + 9. Give f(-6).
3
Let i(n) = 2*n - 2. What is i(3)?
4
Let p(n) = 2*n**2 - 39*n + 26. Determine p(23).
187
Let h(o) = -o**3 - 5*o**2 + 18*o + 18. Determine h(-7).
-10
Let f(i) = 35*i + 33. Give f(-1).
-2
Let c(o) = 5*o + 22. What is c(-12)?
-38
Let b(m) = -2*m**2 - 2*m + 25. What is b(-7)?
-59
Let c(w) = w**2 - 10*w - 128. What is c(17)?
-9
Let y(n) = 8*n + 2. Give y(3).
26
Let m(c) = c**3 - 9*c**2 + 3*c + 17. Give m(8).
-23
Let d(x) = x**3 - 3*x**2 + 6*x - 16. Calculate d(3).
2
Let y(d) = -d - 6. Give y(9).
-15
Let y(i) = i**3 - 5*i**2 - 15*i + 6. Calculate y(7).
-1
Let l(t) = -t - 8. What is l(-11)?
3
Let w(n) = n + 77. Calculate w(9).
86
Let t(w) = w**3 - 16*w**2 + 15*w + 19. What is t(15)?
19
Let y(k) = -2*k + 32. Give y(18).
-4
Let g(u) = -u**2 + 7*u - 6. Calculate g(5).
4
Let s(x) = -x**3 + 16*x**2 - 27*x - 10. Give s(14).
4
Let o(t) = 2*t - 61. Calculate o(-19).
-99
Let t(a) = -29*a**2 - 144*a - 1. What is t(-5)?
-6
Let h(n) = -n**3 + 18*n**2 - 31*n. Give h(16).
16
Let n(b) = -b**3 - 3*b**2 + 17*b + 31. Determine n(-5).
-4
Let z(p) = 8*p - 156. Give z(18).
-12
Let v(f) = 15*f + 3. Give v(-5).
-72
Let o(q) = q**3 + 9*q**2 - 8*q - 1. Determine o(-10).
-21
Let b(j) = -j**3 - 9*j**2 + 8*j + 7. Give b(-10).
27
Let o(q) = q**3 - q**2 - 3. What is o(0)?
-3
Let i(l) = -45*l + 590. Give i(13).
5
Let v(h) = -h**3 - h**2 - h. What is v(-3)?
21
Let r(q) = 2*q**2 - 16*q + 7. Determine r(6).
-17
Let r(t) = t**2 - 11*t + 22. Give r(7).
-6
Let d(z) = 57*z - 2057. Give d(36).
-5
Let c(n) = n**2 + 7*n + 8. What is c(-8)?
16
Let v(p) = -p**3 - 7*p**2 + 13*p + 7. Give v(-8).
-33
Let h(k) = -k - 9. What is h(7)?
-16
Let m(u) = u**3 + 9*u**2 - 11*u - 9. Give m(-10).
1
Let p(j) = -3*j**2 + 3*j + 20. Calculate p(-5).
-70
